{"id":204,"date":"2024-03-14T23:01:33","date_gmt":"2024-03-15T02:01:33","guid":{"rendered":"https:\/\/homologacao.websyte.com.br\/nobel\/?page_id=204"},"modified":"2024-03-25T18:26:20","modified_gmt":"2024-03-25T21:26:20","slug":"eventos-anteriores","status":"publish","type":"page","link":"https:\/\/homologacao.websyte.com.br\/nobel\/eventos-anteriores\/","title":{"rendered":"\u00a0Eventos Anteriores"},"content":{"rendered":"\t\t<div data-elementor-type=\"wp-page\" data-elementor-id=\"204\" class=\"elementor elementor-204\" data-elementor-post-type=\"page\">\n\t\t\t\t<div class=\"elementor-element elementor-element-ee0d806 e-flex e-con-boxed e-con e-parent\" data-id=\"ee0d806\" data-element_type=\"container\" data-settings=\"{&quot;container_type&quot;:&quot;flex&quot;,&quot;content_width&quot;:&quot;boxed&quot;}\" data-core-v316-plus=\"true\">\n\t\t\t\t\t<div class=\"e-con-inner\">\n\t\t\t\t<div class=\"elementor-element elementor-element-fec7f84 elementor-widget elementor-widget-text-editor\" data-id=\"fec7f84\" data-element_type=\"widget\" data-widget_type=\"text-editor.default\">\n\t\t\t\t<div class=\"elementor-widget-container\">\n\t\t\t<style>\/*! elementor - v3.19.0 - 28-02-2024 *\/\n.elementor-widget-text-editor.elementor-drop-cap-view-stacked .elementor-drop-cap{background-color:#69727d;color:#fff}.elementor-widget-text-editor.elementor-drop-cap-view-framed .elementor-drop-cap{color:#69727d;border:3px solid;background-color:transparent}.elementor-widget-text-editor:not(.elementor-drop-cap-view-default) .elementor-drop-cap{margin-top:8px}.elementor-widget-text-editor:not(.elementor-drop-cap-view-default) .elementor-drop-cap-letter{width:1em;height:1em}.elementor-widget-text-editor .elementor-drop-cap{float:left;text-align:center;line-height:1;font-size:50px}.elementor-widget-text-editor .elementor-drop-cap-letter{display:inline-block}<\/style>\t\t\t\t<p>Confira como foram as outras duas edi\u00e7\u00f5es do Nobel Prize Dialogue realizadas pelo Nobel Prize Outreach em parceria com a Academia Brasileira de Ci\u00eancias (ABC):<\/p>\t\t\t\t\t\t<\/div>\n\t\t\t\t<\/div>\n\t\t\t\t\t<\/div>\n\t\t\t\t<\/div>\n\t\t<div class=\"elementor-element elementor-element-4a75eff e-flex e-con-boxed e-con e-parent\" data-id=\"4a75eff\" data-element_type=\"container\" data-settings=\"{&quot;container_type&quot;:&quot;flex&quot;,&quot;content_width&quot;:&quot;boxed&quot;}\" data-core-v316-plus=\"true\">\n\t\t\t\t\t<div class=\"e-con-inner\">\n\t\t<a class=\"elementor-element elementor-element-aa865ea e-con-full e-flex e-con e-child\" data-id=\"aa865ea\" data-element_type=\"container\" data-settings=\"{&quot;content_width&quot;:&quot;full&quot;,&quot;background_background&quot;:&quot;classic&quot;,&quot;container_type&quot;:&quot;flex&quot;}\" data-e-bg-lazyload=\"\" href=\"https:\/\/www.abc.org.br\/evento\/nobel-brasil-2021\/\" target=\"_blank\">\n\t\t\t\t<\/a>\n\t\t<div class=\"elementor-element elementor-element-b027fca e-con-full e-flex e-con e-child\" data-id=\"b027fca\" data-element_type=\"container\" data-settings=\"{&quot;content_width&quot;:&quot;full&quot;,&quot;background_background&quot;:&quot;classic&quot;,&quot;container_type&quot;:&quot;flex&quot;}\">\n\t\t\t\t<div class=\"elementor-element elementor-element-e2b37f1 elementor-widget elementor-widget-heading\" data-id=\"e2b37f1\" data-element_type=\"widget\" data-widget_type=\"heading.default\">\n\t\t\t\t<div class=\"elementor-widget-container\">\n\t\t\t<style>\/*! elementor - v3.19.0 - 28-02-2024 *\/\n.elementor-heading-title{padding:0;margin:0;line-height:1}.elementor-widget-heading .elementor-heading-title[class*=elementor-size-]>a{color:inherit;font-size:inherit;line-height:inherit}.elementor-widget-heading .elementor-heading-title.elementor-size-small{font-size:15px}.elementor-widget-heading .elementor-heading-title.elementor-size-medium{font-size:19px}.elementor-widget-heading .elementor-heading-title.elementor-size-large{font-size:29px}.elementor-widget-heading .elementor-heading-title.elementor-size-xl{font-size:39px}.elementor-widget-heading .elementor-heading-title.elementor-size-xxl{font-size:59px}<\/style><h3 class=\"elementor-heading-title elementor-size-default\"><a href=\"https:\/\/www.abc.org.br\/evento\/nobel-brasil-2021\/\" target=\"_blank\">08\/04\/2021<\/a><\/h3>\t\t<\/div>\n\t\t\t\t<\/div>\n\t\t\t\t<div class=\"elementor-element elementor-element-01a4b49 elementor-widget elementor-widget-heading\" data-id=\"01a4b49\" data-element_type=\"widget\" data-widget_type=\"heading.default\">\n\t\t\t\t<div class=\"elementor-widget-container\">\n\t\t\t<h2 class=\"elementor-heading-title elementor-size-default\"><a href=\"https:\/\/www.abc.org.br\/evento\/nobel-brasil-2021\/\" target=\"_blank\">O Valor da Ci\u00eancia: Di\u00e1logo Nobel Brasil<\/a><\/h2>\t\t<\/div>\n\t\t\t\t<\/div>\n\t\t\t\t<div class=\"elementor-element elementor-element-6b8d1f1 elementor-widget elementor-widget-text-editor\" data-id=\"6b8d1f1\" data-element_type=\"widget\" data-widget_type=\"text-editor.default\">\n\t\t\t\t<div class=\"elementor-widget-container\">\n\t\t\t\t\t\t\t<p>O encontro promoveu um debate sobre a import\u00e2ncia da ci\u00eancia para a sociedade e de pol\u00edticas p\u00fablicas baseadas no conhecimento cient\u00edfico, com foco nos tempos de crise, como a pandemia de covid-19. O evento foi dividido em duas partes: a primeira apresentou um di\u00e1logo entre May-Britt Moser (Nobel de Medicina, 2014) e Serge Haroche (Nobel de F\u00edsica, 2012), al\u00e9m dos ent\u00e3o presidente e vice-presidente da ABC, Luiz Davidovich e Helena B. Nader. A segunda parte contou com duas mesas redondas, nas quais estudantes universit\u00e1rios de todo o Brasil, previamente selecionados, tiveram a oportunidade de se juntar aos laureados em uma sess\u00e3o de perguntas e respostas. No processo de sele\u00e7\u00e3o dos 40 estudantes, foram recebidas mais de 170 indica\u00e7\u00f5es de 90 universidades p\u00fablicas e privadas do Distrito Federal e de 23 Estados do Brasil.<\/p>\t\t\t\t\t\t<\/div>\n\t\t\t\t<\/div>\n\t\t\t\t<\/div>\n\t\t\t\t\t<\/div>\n\t\t\t\t<\/div>\n\t\t<div class=\"elementor-element elementor-element-1a1df30 e-flex e-con-boxed e-con e-parent\" data-id=\"1a1df30\" data-element_type=\"container\" data-settings=\"{&quot;container_type&quot;:&quot;flex&quot;,&quot;content_width&quot;:&quot;boxed&quot;}\" data-core-v316-plus=\"true\">\n\t\t\t\t\t<div class=\"e-con-inner\">\n\t\t<a class=\"elementor-element elementor-element-04a8f7d e-con-full e-flex e-con e-child\" data-id=\"04a8f7d\" data-element_type=\"container\" data-settings=\"{&quot;content_width&quot;:&quot;full&quot;,&quot;background_background&quot;:&quot;classic&quot;,&quot;container_type&quot;:&quot;flex&quot;}\" data-e-bg-lazyload=\"\" href=\"https:\/\/www.abc.org.br\/evento\/unidos-pela-ciencia\/\" target=\"_blank\">\n\t\t\t\t<\/a>\n\t\t<div class=\"elementor-element elementor-element-6e2313d e-con-full e-flex e-con e-child\" data-id=\"6e2313d\" data-element_type=\"container\" data-settings=\"{&quot;content_width&quot;:&quot;full&quot;,&quot;background_background&quot;:&quot;classic&quot;,&quot;container_type&quot;:&quot;flex&quot;}\">\n\t\t\t\t<div class=\"elementor-element elementor-element-72c3a93 elementor-widget elementor-widget-heading\" data-id=\"72c3a93\" data-element_type=\"widget\" data-widget_type=\"heading.default\">\n\t\t\t\t<div class=\"elementor-widget-container\">\n\t\t\t<h3 class=\"elementor-heading-title elementor-size-default\"><a href=\"https:\/\/www.abc.org.br\/evento\/unidos-pela-ciencia\/\" target=\"_blank\">16\/11\/2021<\/a><\/h3>\t\t<\/div>\n\t\t\t\t<\/div>\n\t\t\t\t<div class=\"elementor-element elementor-element-031cca3 elementor-widget elementor-widget-heading\" data-id=\"031cca3\" data-element_type=\"widget\" data-widget_type=\"heading.default\">\n\t\t\t\t<div class=\"elementor-widget-container\">\n\t\t\t<h2 class=\"elementor-heading-title elementor-size-default\"><a href=\"https:\/\/www.abc.org.br\/evento\/unidos-pela-ciencia\/\" target=\"_blank\">Unidos pela Ci\u00eancia: Di\u00e1logo Nobel Am\u00e9rica Latina e Caribe<\/a><\/h2>\t\t<\/div>\n\t\t\t\t<\/div>\n\t\t\t\t<div class=\"elementor-element elementor-element-3edc669 elementor-widget elementor-widget-text-editor\" data-id=\"3edc669\" data-element_type=\"widget\" data-widget_type=\"text-editor.default\">\n\t\t\t\t<div class=\"elementor-widget-container\">\n\t\t\t\t\t\t\t<p>O encontro contou com cinco laureados com o Pr\u00eamio Nobel, que se reuniram virtualmente com estudantes para um debate sobre o papel dos cientistas na sociedade e o impacto das mais recentes descobertas cient\u00edficas. O evento contou com a presen\u00e7a de 80 estudantes de 24 pa\u00edses da Am\u00e9rica Latina e Caribe. Al\u00e9m da ABC, a atividade foi organizada em parceria com a Rede InterAmericana de Academias de Ci\u00eancias (IANAS). Os laureados participantes foram Bernard Feringa (Nobel de Qu\u00edmica, 2016), Elizabeth Blackburn (Nobel de Medicina, 2009), Emmanuelle Charpentier (Nobel de Qu\u00edmica, 2020), May-Britt Moser (Nobel de Medicina, 2014) e Saul Perlmutter (Nobel de F\u00edsica, 2011). Cada laureado comandou uma sess\u00e3o de di\u00e1logo, na qual respondeu perguntas dos estudantes da Am\u00e9rica Latina e do Caribe.<\/p>\t\t\t\t\t\t<\/div>\n\t\t\t\t<\/div>\n\t\t\t\t<\/div>\n\t\t\t\t\t<\/div>\n\t\t\t\t<\/div>\n\t\t\t\t<\/div>\n\t\t","protected":false},"excerpt":{"rendered":"<p>Confira como foram as outras duas edi\u00e7\u00f5es do Nobel Prize Dialogue realizadas pelo Nobel Prize Outreach em parceria com a Academia Brasileira de Ci\u00eancias (ABC): 08\/04\/2021 O Valor da Ci\u00eancia: Di\u00e1logo Nobel Brasil O encontro promoveu um debate sobre a import\u00e2ncia da ci\u00eancia para a sociedade e de pol\u00edticas p\u00fablicas baseadas no conhecimento cient\u00edfico, com [&hellip;]<\/p>\n","protected":false},"author":1,"featured_media":0,"parent":0,"menu_order":0,"comment_status":"closed","ping_status":"closed","template":"","meta":{"footnotes":""},"class_list":["post-204","page","type-page","status-publish","hentry"],"_links":{"self":[{"href":"https:\/\/homologacao.websyte.com.br\/nobel\/wp-json\/wp\/v2\/pages\/204","targetHints":{"allow":["GET"]}}],"collection":[{"href":"https:\/\/homologacao.websyte.com.br\/nobel\/wp-json\/wp\/v2\/pages"}],"about":[{"href":"https:\/\/homologacao.websyte.com.br\/nobel\/wp-json\/wp\/v2\/types\/page"}],"author":[{"embeddable":true,"href":"https:\/\/homologacao.websyte.com.br\/nobel\/wp-json\/wp\/v2\/users\/1"}],"replies":[{"embeddable":true,"href":"https:\/\/homologacao.websyte.com.br\/nobel\/wp-json\/wp\/v2\/comments?post=204"}],"version-history":[{"count":25,"href":"https:\/\/homologacao.websyte.com.br\/nobel\/wp-json\/wp\/v2\/pages\/204\/revisions"}],"predecessor-version":[{"id":515,"href":"https:\/\/homologacao.websyte.com.br\/nobel\/wp-json\/wp\/v2\/pages\/204\/revisions\/515"}],"wp:attachment":[{"href":"https:\/\/homologacao.websyte.com.br\/nobel\/wp-json\/wp\/v2\/media?parent=204"}],"curies":[{"name":"wp","href":"https:\/\/api.w.org\/{rel}","templated":true}]}}

<div data-elementor-type="wp-page" data-elementor-id="204" class="elementor elementor-204" data-elementor-post-type="page">
				<div class="elementor-element elementor-element-ee0d806 e-flex e-con-boxed e-con e-parent" data-id="ee0d806" data-element_type="container" data-settings="{&quot;container_type&quot;:&quot;flex&quot;,&quot;content_width&quot;:&quot;boxed&quot;}" data-core-v316-plus="true">
					<div class="e-con-inner">
				<div class="elementor-element elementor-element-fec7f84 elementor-widget elementor-widget-text-editor" data-id="fec7f84" data-element_type="widget" data-widget_type="text-editor.default">
				<div class="elementor-widget-container">
			<style>/*! elementor - v3.19.0 - 28-02-2024 */
.elementor-widget-text-editor.elementor-drop-cap-view-stacked .elementor-drop-cap{background-color:#69727d;color:#fff}.elementor-widget-text-editor.elementor-drop-cap-view-framed .elementor-drop-cap{color:#69727d;border:3px solid;background-color:transparent}.elementor-widget-text-editor:not(.elementor-drop-cap-view-default) .elementor-drop-cap{margin-top:8px}.elementor-widget-text-editor:not(.elementor-drop-cap-view-default) .elementor-drop-cap-letter{width:1em;height:1em}.elementor-widget-text-editor .elementor-drop-cap{float:left;text-align:center;line-height:1;font-size:50px}.elementor-widget-text-editor .elementor-drop-cap-letter{display:inline-block}</style>				<p>Confira como foram as outras duas edições do Nobel Prize Dialogue realizadas pelo Nobel Prize Outreach em parceria com a Academia Brasileira de Ciências (ABC):</p>						</div>
				</div>
					</div>
				</div>
		<div class="elementor-element elementor-element-4a75eff e-flex e-con-boxed e-con e-parent" data-id="4a75eff" data-element_type="container" data-settings="{&quot;container_type&quot;:&quot;flex&quot;,&quot;content_width&quot;:&quot;boxed&quot;}" data-core-v316-plus="true">
					<div class="e-con-inner">
		<a class="elementor-element elementor-element-aa865ea e-con-full e-flex e-con e-child" data-id="aa865ea" data-element_type="container" data-settings="{&quot;content_width&quot;:&quot;full&quot;,&quot;background_background&quot;:&quot;classic&quot;,&quot;container_type&quot;:&quot;flex&quot;}" data-e-bg-lazyload="" href="https://www.abc.org.br/evento/nobel-brasil-2021/" target="_blank">
				</a>
		<div class="elementor-element elementor-element-b027fca e-con-full e-flex e-con e-child" data-id="b027fca" data-element_type="container" data-settings="{&quot;content_width&quot;:&quot;full&quot;,&quot;background_background&quot;:&quot;classic&quot;,&quot;container_type&quot;:&quot;flex&quot;}">
				<div class="elementor-element elementor-element-e2b37f1 elementor-widget elementor-widget-heading" data-id="e2b37f1" data-element_type="widget" data-widget_type="heading.default">
				<div class="elementor-widget-container">
			<style>/*! elementor - v3.19.0 - 28-02-2024 */
.elementor-heading-title{padding:0;margin:0;line-height:1}.elementor-widget-heading .elementor-heading-title[class*=elementor-size-]>a{color:inherit;font-size:inherit;line-height:inherit}.elementor-widget-heading .elementor-heading-title.elementor-size-small{font-size:15px}.elementor-widget-heading .elementor-heading-title.elementor-size-medium{font-size:19px}.elementor-widget-heading .elementor-heading-title.elementor-size-large{font-size:29px}.elementor-widget-heading .elementor-heading-title.elementor-size-xl{font-size:39px}.elementor-widget-heading .elementor-heading-title.elementor-size-xxl{font-size:59px}</style><h3 class="elementor-heading-title elementor-size-default"><a href="https://www.abc.org.br/evento/nobel-brasil-2021/" target="_blank">08/04/2021</a></h3>		</div>
				</div>
				<div class="elementor-element elementor-element-01a4b49 elementor-widget elementor-widget-heading" data-id="01a4b49" data-element_type="widget" data-widget_type="heading.default">
				<div class="elementor-widget-container">
			<h2 class="elementor-heading-title elementor-size-default"><a href="https://www.abc.org.br/evento/nobel-brasil-2021/" target="_blank">O Valor da Ciência: Diálogo Nobel Brasil</a></h2>		</div>
				</div>
				<div class="elementor-element elementor-element-6b8d1f1 elementor-widget elementor-widget-text-editor" data-id="6b8d1f1" data-element_type="widget" data-widget_type="text-editor.default">
				<div class="elementor-widget-container">
							<p>O encontro promoveu um debate sobre a importância da ciência para a sociedade e de políticas públicas baseadas no conhecimento científico, com foco nos tempos de crise, como a pandemia de covid-19. O evento foi dividido em duas partes: a primeira apresentou um diálogo entre May-Britt Moser (Nobel de Medicina, 2014) e Serge Haroche (Nobel de Física, 2012), além dos então presidente e vice-presidente da ABC, Luiz Davidovich e Helena B. Nader. A segunda parte contou com duas mesas redondas, nas quais estudantes universitários de todo o Brasil, previamente selecionados, tiveram a oportunidade de se juntar aos laureados em uma sessão de perguntas e respostas. No processo de seleção dos 40 estudantes, foram recebidas mais de 170 indicações de 90 universidades públicas e privadas do Distrito Federal e de 23 Estados do Brasil.</p>						</div>
				</div>
				</div>
					</div>
				</div>
		<div class="elementor-element elementor-element-1a1df30 e-flex e-con-boxed e-con e-parent" data-id="1a1df30" data-element_type="container" data-settings="{&quot;container_type&quot;:&quot;flex&quot;,&quot;content_width&quot;:&quot;boxed&quot;}" data-core-v316-plus="true">
					<div class="e-con-inner">
		<a class="elementor-element elementor-element-04a8f7d e-con-full e-flex e-con e-child" data-id="04a8f7d" data-element_type="container" data-settings="{&quot;content_width&quot;:&quot;full&quot;,&quot;background_background&quot;:&quot;classic&quot;,&quot;container_type&quot;:&quot;flex&quot;}" data-e-bg-lazyload="" href="https://www.abc.org.br/evento/unidos-pela-ciencia/" target="_blank">
				</a>
		<div class="elementor-element elementor-element-6e2313d e-con-full e-flex e-con e-child" data-id="6e2313d" data-element_type="container" data-settings="{&quot;content_width&quot;:&quot;full&quot;,&quot;background_background&quot;:&quot;classic&quot;,&quot;container_type&quot;:&quot;flex&quot;}">
				<div class="elementor-element elementor-element-72c3a93 elementor-widget elementor-widget-heading" data-id="72c3a93" data-element_type="widget" data-widget_type="heading.default">
				<div class="elementor-widget-container">
			<h3 class="elementor-heading-title elementor-size-default"><a href="https://www.abc.org.br/evento/unidos-pela-ciencia/" target="_blank">16/11/2021</a></h3>		</div>
				</div>
				<div class="elementor-element elementor-element-031cca3 elementor-widget elementor-widget-heading" data-id="031cca3" data-element_type="widget" data-widget_type="heading.default">
				<div class="elementor-widget-container">
			<h2 class="elementor-heading-title elementor-size-default"><a href="https://www.abc.org.br/evento/unidos-pela-ciencia/" target="_blank">Unidos pela Ciência: Diálogo Nobel América Latina e Caribe</a></h2>		</div>
				</div>
				<div class="elementor-element elementor-element-3edc669 elementor-widget elementor-widget-text-editor" data-id="3edc669" data-element_type="widget" data-widget_type="text-editor.default">
				<div class="elementor-widget-container">
							<p>O encontro contou com cinco laureados com o Prêmio Nobel, que se reuniram virtualmente com estudantes para um debate sobre o papel dos cientistas na sociedade e o impacto das mais recentes descobertas científicas. O evento contou com a presença de 80 estudantes de 24 países da América Latina e Caribe. Além da ABC, a atividade foi organizada em parceria com a Rede InterAmericana de Academias de Ciências (IANAS). Os laureados participantes foram Bernard Feringa (Nobel de Química, 2016), Elizabeth Blackburn (Nobel de Medicina, 2009), Emmanuelle Charpentier (Nobel de Química, 2020), May-Britt Moser (Nobel de Medicina, 2014) e Saul Perlmutter (Nobel de Física, 2011). Cada laureado comandou uma sessão de diálogo, na qual respondeu perguntas dos estudantes da América Latina e do Caribe.</p>						</div>
				</div>
				</div>
					</div>
				</div>
				</div>

<p>Confira como foram as outras duas edições do Nobel Prize Dialogue realizadas pelo Nobel Prize Outreach em parceria com a Academia Brasileira de Ciências (ABC): 08/04/2021 O Valor da Ciência: Diálogo Nobel Brasil O encontro promoveu um debate sobre a importância da ciência para a sociedade e de políticas públicas baseadas no conhecimento científico, com [&hellip;]</p>
